lculate 19 + 21 + -24 - (4 - -1).
11
What is the value of (-321 - -323) + -2 + -1?
-1
Evaluate -16 - (9 - (17 - -5)).
-3
Calculate 17 - -2 - (12 - (-2 + 30 + -16)).
19
What is -3 + (3 + 1 - 0) + -4 + -2?
-5
What is the value of (-20 - -2) + (40 - 34)?
-12
-23639 + 23639 - (23 + (0 - 1 - 0))
-22
18 - (-39 - -24) - 10
23
Evaluate (1 - -2) + (-10 + 9 - -6) + -19.
-11
Calculate 1 + 16 - (0 - -10).
7
Calculate 16 - (10 + 6 + (-8 - -1)).
7
What is (0 - (4 - -2 - 14) - 1) + 8?
15
Calculate -10 - (9 + (0 - -10) + -19).
-10
-24 + 27 + -1 + -23 + 6 + 2
-13
7 + (8 - (3 - -3))
9
What is -1 + (-2 - -14) - (-730 - -728)?
13
0 - -17 - (-162 + 178)
1
What is the value of -5 - -2 - (-240 - -252)?
-15
Evaluate -5 - -3 - -7 - (10 + (-8 - -5)).
-2
Evaluate -39 + 23 + 4 + -9.
-21
What is the value of (4 - 4) + 7 - (-16 - (-28 - -6))?
1
Calculate (0 - -6) + (-48 - -34 - -22).
14
Calculate -19 - (-41 + 12) - (-2 - (-30 + 2)).
-16
-5 - -8 - (23 + 8 + -11)
-17
Evaluate -1 + 14 + 32 + 16 + -57.
4
What is 12 + (-10 - 8) + 7 + (4 - 1)?
4
Calculate 1 + (-2 - (-8 + 0)) + (1 - 9).
-1
Evaluate (-6 - -3) + (59 - 47).
9
(-79 - -67) + 20 + -2 + 0
6
Evaluate -3 + (-18 - -9) - -1.
-11
Evaluate -13 + 23 + -11 + 15.
14
What is the value of 17 + 15 + 9 - 71?
-30
What is the value of -2 + 1 - (1 - (4 - (-11 + 1)))?
12
Evaluate (0 - 14 - -2) + 397 + -368.
17
Calculate -7 + -17 + 7 - -15.
-2
What is the value of 6 + 2 + -58 + 9 + 18?
-23
-4 + (3 - (3 - 6)) - 7 - 3
-8
-9 + 26 + (-20 - -1)
-2
Calculate -15 + 0 + (-14 + 15 - (3 + -5)).
-12
Calculate 44 - (-9 + 10 - -7).
36
What is -2 - (-1 + (-1 - -1) + 6)?
-7
What is the value of -7 - (1 - (-10 + (-5 - -9)))?
-14
What is the value of 5 + -3 + -1 + -13 + (232 - 237)?
-17
Calculate 0 - (12 + 2 + -10) - (1 - 5).
0
What is 13 + (10 + (3 - 24) - 3)?
-1
What is 7 - (5 + 3) - ((-5 - -13) + 0)?
-9
Evaluate 4 + -4 + 9 - 15 - (1 - 11).
4
What is 10 + (0 - (-2 - -3)) + (-80 - -76)?
5
What is the value of 6 + (1 - 2) + 12 + (-40 - -33)?
10
(13 - 7) + 6 - 9 - (-5 - -19)
-11
Calculate 32 + -38 + -8 + 4 + 5.
-5
Calculate (6 - 14 - 4) + 7.
-5
Evaluate -10 + (8 - (2 + 4)) + -5.
-13
What is the value of -13 - (-18 + (3 - -11) - -6)?
-15
What is the value of (8 - 3 - -24 - 5) + -9 + 4?
19
What is the value of (3 - 8 - (-26 + 25)) + 13 + -3?
6
(-38 - (3 - 13)) + -4 - -9
-23
Evaluate -41 - -49 - (1 + 1) - -7.
13
What is the value of 16 + -29 - (-4 - 9) - -5?
5
(15 - -1) + 1 - (697 - 677)
-3
What is the value of -12 - (31 + -58) - 32?
-17
-1 + 0 + 5 - (4 - (-6 - 8))
-14
Evaluate 16 + -6 + -11 + -11.
-12
Evaluate -11 + (-11 + 23 + -11 - -1) + -6.
-15
-2 - (4 - 13 - (-20 + 8))
-5
What is the value of -8 - (-8 - (2 + -4 - 3 - -3))?
-2
Evaluate (5 - 42) + 9 + (-2 - -1) + -10.
-39
What is the value of -213 - -208 - (18 - -1)?
-24
(-3 - -1) + 1 - (-9 + -2 + 7)
3
Evaluate (12 - 25) + (5 - -14).
6
Evaluate -2 + (6 - 29 - (10 + -7 - -6)).
-34
What is the value of (11 - (25 - 7)) + (-1 - (1 + 0))?
-9
Evaluate 2 - -11 - (-8 - (-6 - (3 + -3))).
15
Evaluate 3 + (15 + -5 - 18).
-5
What is -4 + -15 + (-13 - -35)?
3
Calculate -16 - (25 - 27 - -15).
-29
(-3 + 2 - -3) + -27 + 18
-7
What is the value of 32 - (5 + 10 + 24)?
-7
What is the value of -1 - (-3 - (-2 - (7 + 1)))?
-8
17 - (2 + -4 + 1 + 153 + -147)
12
-26 + (31 - 3) + -24
-22
What is the value of 8 - (-9 - -22) - (2 + -4 + 0)?
-3
What is the value of 36 + 2 + (-7 - -2 - 0 - 4)?
29
Calculate -11 + -10 + 36 + 0.
15
Evaluate 32 - (80 + -34 - 37).
23
Evaluate 53 + -36 + (-13 - 0) - -7.
11
Calculate 9 - -1 - (2 - 1 - (-4 - -6)).
11
-9 - 0 - (-21 - 0 - -14)
-2
What is the value of -65 + (36 - -17) - (-7 + -1)?
-4
What is -1 - (4 - ((-7 - -8 - 8) + 1))?
-11
What is -14 + (-4 + 16 - (-1 - -5)) + -6?
-12
Evaluate 8 - (0 - 11 - (64 - 72)).
11
What is the value of 3 + -1 - 2 - -7?
7
Calculate 2 + 2 - (5 - -7 - 16).
8
Calculate 2 - 4 - 19 - (-18 + -34 + 56).
-25
What is 11 - (-18 - (24 + -52))?
1
What is the value of -100 - -107 - (4 - 2)?
5
Calculate (-9 - -34 - 21) + -22.
-18
Evaluate -9 - (9 + -21 - -4) - -6 - -4.
9
Evaluate (-4 - (1 - -1)) + -9 + 22.
7
What is 0 - -7 - 8 - (0 + -8)?
7
Calculate (14 - 24) + 38 - 36.
-8
What is the value of (4 - 3) + 6 + -2 + (-2 - 17)?
-14
What is (0 - 2 - -12) + (-227 - -216)?
-1
-1 + -5 + (286 - 260)
20
(92 - 98) + (-1 - 2 - -1)
-8
Calculate (-23 - -34) + (-11 - 1).
-1
4 + (-12 - (8 - 9)) + -8
-15
Evaluate 20 - 20 - (17 + -1 + -1).
-15
Evaluate (7 - 10) + -6 + 11 - 3.
-1
What is the value of 2 + 9 + (3 - -6) + -10?
10
What is 22 - (3 - 1 - (-11 - (-5 - 4)))?
18
Evaluate (0 + 0 - 0) + 0 + -3 - 17.
-20
Calculate 27 + -27 + (13 - 7).
6
What is the value of -33 - (23 + -2 + -52)?
-2
Calculate -3 + -6 - (-6 + -3).
0
What is 25 + 6 + (-22 - -1)?
10
What is the value of -6 + (3 - (8 - 5 - 3)) + 36?
33
What is the value of 2 + -9 + (1 - (4 + 2)) + 1?
-11
What is the value of 7 - (-7 + 6 + -4 - (12 - 22))?
2
What is the value of (12 + -41 - -17) + (4 - 1)?
-9
14 + (-16 - -4) - 3
-1
What is the value of (-2 - (5 - 5 - 22)) + (-2 - 5)?
13
What is -3 + 5 + 1 - (2 + 2)?
-1
Evaluate -2 - (-2 - ((-16 - -9) + 17)).
10
-13 + -4 + (-5 - -14)
-8
0 - (-1 + -13 + 1)
13
0 + 3 - 3 - (16 + -8 - 21)
13
Evaluate -3 - 10 - (-20 - -3) - 20.
-16
Calculate -11 + -13 - (-71 + 23).
24
Calculate (-23 - (-44 + 7)) + 22.
36
What is the value of 5 + 7 + -17 - (-3 - -1)?
-3
What is -1 + (-2 - -11) + (-17 - -2)?
-7
What is the value of 9 + (-12 + 16 + (1 - 2) - 7)?
5
Calculate 2 - -7 - (-8 + (-1 - -12 - 2)).
8
Calculate (0 - (-13 - 2)) + -15.
0
12 + -12 - 11 - -8
-3
What is the value of -9 + (2 - (-18 + 1))?
10
What is (1 - 3) + (20 - (40 - 0))?
-22
What is the value of -22 + 37 - 21 - (-18 - (1 + 1))?
14
56 + -25 - (12 - -2) - 52
-35
What is (26 - 27) + 0 + (5 - 1)?
3
Evaluate (34 - 16) + -25 - -13 - (0 - 13).
19
What is -23 + (-24 - -15 - -15) - 6?
-23
Evaluate -7 + 3 - (2 - 18).
12
Evaluate -4 + 3 - (2 + -4 - -19 - 5).
-13
-2 + (-7 - (3 + (-21 - -14)))
-5
What is -13 - (3 + -32 + (-38 - -38))?
16
Calculate (8 - (8 + 9) - 0) + -7 + 3.
-13
What is the value of 3 - 2 - 8 - (3 - (38 + 2))?
30
What is (-12 - -4) + 6 + (6 - 10)?
-6
4 - (5 + 7 + 1)
-9
Calculate -1 + 8 - (16 - (16 + -13)).
-6
-4 + (0 - 0) - (-46 - (22 + -66))
-2
What is 3 - (3 + 6 + (-1 - 11) - -1)?
5
Calculate (25 + -49 - -25) + -17.
-16
5 + -6 + (145 - 166) + 1 + -6
-27
Calculate -251 - -240 - (-16 + 1).
4
Calculate 18 - (13 + (10 - 7)).
2
What is 3 - 0 - (-5 - (-11 - (9 - 17)))?
5
Evaluate -4 - -1 - 0 - (158 + -173).
12
What is the value of (6 - 5) + 17 - 2?
16
Calculate -6 + (86 - 47 - (-1 + 13)).
21
Evaluate (-7 + 34 - 29) + (-1 - (-8 + 1)).
4
Evaluate 24 + -10 + -6 - (6 + 2 + 1).
-1
40 - (0 + 6) - (4 - 6)
36
What is 10 + 0 + -67 + 30 - -16?
-11
What is the value of (12 - 15) + -20 + 12?
-11
What is the value of -31 - -26 - (10 + -25)?
10
Calculate 25 - 33 - ((-7 - -5) + 1).
-7
Calculate 373 + -375 + -16 + -1.
-19
Evaluate 24 - (-1 + (5 - 4) + 9).
15
Evaluate 29 + (-35 - -7 - 2).
-1
Evaluate -3 - (-8 - -3 - 2 - -5) - -18.
17
Evaluate -1 + 7 - (7 + 4 + -9 - 8).
12
-17 + 1 - (-21 - 0 - (115 - 129))
-9
What is the value of 62 + -62 - (6 + -28 + 7)?
15
Evaluate 5 + 2 + (-1 - 20) + 21 - -22.
29
Evaluate (10 - 6) + 11 + -4.
11
Calculate -3 - -9 - (29 + -9 + 0).
-14
What is 18 + -79 + 46 - -19?
4
What is the value of -12 - -6 - (-6 + 0) - 9?
-9
Calculate -1 + 1 + (0 - -17) - (-253 - -257).
13
4 + 0 - (29 + -1 + -40)
16
What is 7 - (2 + 5 + 2 + -2)?
0
27 + (22 - (21 - -22)) + 0 + -32
-26
What is the value of 14 + (18 + -42 - -33)?
23
(2 - 26) + (-3 - (-8 + -3)) + 3
-13
Evaluate 9 + -4 + (-1 - 1 - -6) + -14.
-5
Evaluate 15 + 7 + (36 - 41).
17
8 + 12 + -11 - 4 - 17
-12
Calculate -9 + -1 + (-79 - -1) + 64.
-24
Calculate (139 - 116) + (-20 - -6).
9
0 + -1 + -111 + 108
-4
What is the value of (7 - (15 + -24)) + -13?
3
What is the value of (-8 + -5 + 35 - (12 - 16)) + 8?
34
Calculate (2 - -2) + (-4 - 1) + 1 - -11.
11
Calculate 8 + ((-15 - -4) + 5 - -1).
3
What is the value of -5 + -1 + (-2 - (17 - 21)) + -7?
-11
Calculate 25 - (-13 - -7 - -15).
16
What is 0 - 0 - -11 - (-198 - -207)?
2
What is -5 + 5 + (-3 - (3 + -2 - 2))?
-2
What is the value of (73 - 19) + -49 + 17?
22
What is 0 - (2 + -9 + (6 - 1))?
2
Evaluate -2 + 1 + (1 - -2) - -6.
8
Calculate 11 + 0 + (-77 + 146 - 7